s digit of 14073?
0
What is the units digit of 2115?
5
What is the thousands digit of 2873?
2
What is the ten thousands digit of 114314?
1
What is the units digit of 13758?
8
What is the tens digit of 93962?
6
What is the units digit of 684?
4
What is the hundreds digit of 990?
9
What is the tens digit of 5612?
1
What is the tens digit of 551?
5
What is the thousands digit of 11551?
1
What is the ten thousands digit of 35650?
3
What is the thousands digit of 2708?
2
What is the tens digit of 491?
9
What is the tens digit of 263?
6
What is the tens digit of 48833?
3
What is the units digit of 9748?
8
What is the thousands digit of 10151?
0
What is the hundreds digit of 27187?
1
What is the hundreds digit of 418?
4
What is the tens digit of 20417?
1
What is the thousands digit of 1938?
1
What is the hundreds digit of 42095?
0
What is the tens digit of 9266?
6
What is the tens digit of 280?
8
What is the thousands digit of 5268?
5
What is the thousands digit of 1131?
1
What is the thousands digit of 1045?
1
What is the tens digit of 4159?
5
What is the tens digit of 12700?
0
What is the tens digit of 5315?
1
What is the thousands digit of 34103?
4
What is the thousands digit of 15394?
5
What is the units digit of 71?
1
What is the thousands digit of 14135?
4
What is the units digit of 51187?
7
What is the hundreds digit of 117935?
9
What is the units digit of 16975?
5
What is the hundreds digit of 1735?
7
What is the ten thousands digit of 77816?
7
What is the thousands digit of 1657?
1
What is the thousands digit of 9730?
9
What is the tens digit of 2085?
8
What is the units digit of 542?
2
What is the thousands digit of 13283?
3
What is the tens digit of 779?
7
What is the units digit of 64476?
6
What is the thousands digit of 32528?
2
What is the hundreds digit of 5138?
1
What is the thousands digit of 1530?
1
What is the thousands digit of 3704?
3
What is the hundreds digit of 376?
3
What is the units digit of 156210?
0
What is the units digit of 3?
3
What is the hundreds digit of 2154?
1
What is the tens digit of 2771?
7
What is the hundreds digit of 1202?
2
What is the thousands digit of 3656?
3
What is the hundreds digit of 12334?
3
What is the thousands digit of 5003?
5
What is the hundreds digit of 36524?
5
What is the tens digit of 1322?
2
What is the thousands digit of 4443?
4
What is the ten thousands digit of 11444?
1
What is the thousands digit of 105452?
5
What is the hundreds digit of 346?
3
What is the units digit of 1064?
4
What is the hundreds digit of 1159?
1
What is the tens digit of 122?
2
What is the thousands digit of 2845?
2
What is the units digit of 10245?
5
What is the thousands digit of 2117?
2
What is the units digit of 18740?
0
What is the tens digit of 1032?
3
What is the hundreds digit of 2013?
0
What is the tens digit of 44576?
7
What is the tens digit of 56400?
0
What is the units digit of 878?
8
What is the thousands digit of 15605?
5
What is the hundreds digit of 6597?
5
What is the units digit of 815?
5
What is the tens digit of 113579?
7
What is the hundreds digit of 3153?
1
What is the thousands digit of 9933?
9
What is the units digit of 16859?
9
What is the hundreds digit of 9942?
9
What is the hundreds digit of 933?
9
What is the thousands digit of 3805?
3
What is the tens digit of 4216?
1
What is the ten thousands digit of 15902?
1
What is the ten thousands digit of 67361?
6
What is the tens digit of 770?
7
What is the thousands digit of 4561?
4
What is the units digit of 2884?
4
What is the tens digit of 22058?
5
What is the thousands digit of 3510?
3
What is the tens digit of 1246?
4
What is the tens digit of 125293?
9
What is the tens digit of 683?
8
What is the units digit of 120?
0
What is the units digit of 38955?
5
What is the hundreds digit of 105203?
2
What is the ten thousands digit of 42962?
4
What is the tens digit of 16604?
0
What is the thousands digit of 6846?
6
What is the thousands digit of 6094?
6
What is the thousands digit of 1115?
1
What is the hundreds digit of 5873?
8
What is the units digit of 15920?
0
What is the units digit of 401?
1
What is the tens digit of 4253?
5
What is the units digit of 672?
2
What is the thousands digit of 1791?
1
What is the thousands digit of 5713?
5
What is the tens digit of 1588?
8
What is the thousands digit of 22801?
2
What is the hundreds digit of 35928?
9
What is the thousands digit of 3923?
3
What is the units digit of 6546?
6
What is the thousands digit of 33165?
3
What is the hundreds digit of 151484?
4
What is the units digit of 532?
2
What is the units digit of 6033?
3
What is the thousands digit of 129539?
9
What is the hundreds digit of 1184?
1
What is the hundreds digit of 975?
9
What is the units digit of 12121?
1
What is the units digit of 1445?
5
What is the tens digit of 528?
2
What is the units digit of 32730?
0
What is the thousands digit of 1080?
1
What is the hundreds digit of 487?
4
What is the tens digit of 4545?
4
What is the tens digit of 467?
6
What is the tens digit of 2755?
5
What is the hundreds digit of 1128?
1
What is the units digit of 11587?
7
What is the units digit of 2876?
6
What is the hundreds digit of 1315?
3
What is the units digit of 125?
5
What is the units digit of 16989?
9
What is the thousands digit of 53631?
3
What is the tens digit of 9778?
7
What is the units digit of 449?
9
What is the tens digit of 269?
6
What is the hundreds digit of 1735?
7
What is the hundreds digit of 23427?
4
What is the units digit of 901?
1
What is the units digit of 66?
6
What is the units digit of 1549?
9
What is the units digit of 53893?
3
What is the units digit of 797?
7
What is the units digit of 34190?
0
What is the hundred thousands digit of 116905?
1
What is the tens digit of 166?
6
What is the hundreds digit of 8544?
5
What is the tens digit of 256?
5
What is the tens digit of 4299?
9
What is the hundreds digit of 8851?
8
What is the thousands digit of 3000?
3
What is the hundreds digit of 367?
3
What is the hundreds digit of 280?
2
What is the hundreds digit of 3730?
7
What is the thousands digit of 44051?
4
What is the thousands digit of 39544?
9
What is the ten thousands digit of 33143?
3
What is the units digit of 7265?
5
What is the units digit of 2254?
4
What is the hundreds digit of 1118?
1
What is the units digit of 858?
8
What is the units digit of 1404?
4
What is the units digit of 2758?
8
What is the thousands digit of 87584?
7
What is the thousands digit of 2498?
2
What is the tens digit of 8339?
3
What is the tens digit of 171681?
8
What is the hundreds digit of 89820?
8
What is the thousands digit of 3764?
3
What is the units digit of 6980?
0
What is the tens digit of 1355?
5
What is the hundreds digit of 11802?
8
What is the ten thousands digit of 52940?
5
What is the thousands digit of 6299?
6
What is the ten thousands digit of 43943?
4
What is the tens digit of 925?
2
What is the tens digit of 21926?
2
What is the hundreds digit of 6581?
5
What is the ten thousands digit of 112861?
1
What is the units digit of 13865?
5
What is the units digit of 20?
0
What is the tens digit of 9175?
7
What is the tens digit of 532?
3
What is the units digit of 159?
9
What is the thousands digit of 1088?
1
What is the tens digit of 302?
0
What is the thousands digit of 1940?
1
What is the ten thousands digit of 67387?
6
What is the tens digit of 590?
9
What is the units digit of 821?
1
What is the hundreds digit of 20948?
9
What is the units digit of 12759?
9
What is the tens digit of 90?
9
What is the units digit of 278?
8
What is the units digit of 2619?
9
What is the thousands digit of 3503?
3
What is the thousands digit of 91050?
1
What is the units digit of 1141?
1
What is the hundreds digit of 5558?
5
What is the hundreds digit of 441?
4
What is the hundreds digit of 12434?
4
What is the ten thousands digit of 14107?
1
What is the units digit of 6578?
8
What is the thousands digit of 12077?
2
What is the thousands digit of 13471?
3
What is the ten thousands digit of 23065?
2
What is the tens digit of 27293?
9
What is the units digit of 10934?
4
What is the tens digit of 1172?
7
What is the hundreds digit of 19999?
9
What is the hundreds digit of 1542?
5
What is the tens digit of 290?
9
What is the thousands 